the prime factors of x?
2
Let l(o) = -o**3 - 8*o**2 - o - 6. Suppose 4*x = 3*w - w - 28, 4*w - 16 = 3*x. List the prime factors of l(x).
2
Suppose -5*b + 1 = -24. Let m(u) = 2*u**2 - 7*u - 2. List the prime factors of m(b).
13
Suppose 5*h - 2*v + 16 = -30, -4*h = -v + 38. What are the prime factors of h/(-35) - (-89)/7?
13
Let i = -28 + 106. List the prime factors of i.
2, 3, 13
Suppose -4*h + 108 = -36. List the prime factors of h.
2, 3
Let c = 21 - 16. Suppose -236 + 41 = -c*x. List the prime factors of x.
3, 13
Let m = -3 - -7. Let z = 0 + m. What are the prime factors of z?
2
List the prime factors of (-1108)/(-5) + (-12)/(-30).
2, 3, 37
What are the prime factors of -6 + 10 - 2*-31?
2, 3, 11
Let a(d) = d**2 + 4*d - 10. List the prime factors of a(-7).
11
Let p = 25 - 21. Suppose p*x - 170 = 22. List the prime factors of x.
2, 3
Suppose 5*i + 54 = 6*i. Let n(p) = p**2 - 3*p - 1. Let g be n(4). Suppose g*o + 15 = i. List the prime factors of o.
13
Let o = 45 - 26. Let y be o/3 + 1/(-3). Suppose -3*x + y*x = 51. List the prime factors of x.
17
Let x = 16 - 58. Let c be 2 - ((-2)/(-1) + -2). What are the prime factors of ((-6)/18)/(c/x)?
7
Let z(d) = 5*d**2 + 15*d - 8. What are the prime factors of z(-9)?
2, 131
Suppose 3*w + 18 = -3*p, w - 10 = 5*p - 4*w. Let g = 21 + p. What are the prime factors of g?
17
Suppose -4*k + 545 = 81. List the prime factors of (-2)/8 - k/(-16).
7
Suppose -2*i - c = -4*i - 41, -3*i + c = 62. List the prime factors of (112/i)/(3/(-18)).
2
Let p(u) = -8*u - 26. List the prime factors of p(-15).
2, 47
Let y(v) = -2*v**3 + v**2 - 3*v - 16. What are the prime factors of y(-4)?
2, 5, 7
Let q = 299 - 27. What are the prime factors of q?
2, 17
Let i be (2 - -1)/(2 - 1). Suppose -i*a + 61 - 19 = 0. What are the prime factors of a?
2, 7
Suppose 9*c = 1741 - 319. What are the prime factors of c?
2, 79
Let t be (-1 + 5)*15/12. Suppose -8 - 2 = -t*m. Suppose 4*q - 4 = 2*q, 5*q = -m*f + 42. What are the prime factors of f?
2
Let z(q) = -2*q**2 - 6. Let m be z(-6). Let x be (m/8)/(9/(-24)). Suppose -x = -3*v + 4. List the prime factors of v.
2, 5
Let q(v) be the third derivative of -v**6/10 + v**4/24 + v**3/6 - 2*v**2. List the prime factors of q(-1).
2, 3
Let j = -154 - -63. Let r = j + 129. What are the prime factors of r?
2, 19
Let o be 2 + (3 - (-4)/(-2)). Suppose 0 = 2*k - 2*t - 22, -2*t + 17 + 36 = o*k. Suppose -a + k + 4 = 0. What are the prime factors of a?
19
Let d(a) = 9*a**2 - 4*a + 1. What are the prime factors of d(3)?
2, 5, 7
List the prime factors of (20/(-25))/((-2)/25).
2, 5
Let m(v) = v**3 - 6*v**2 + 3. Let u be m(6). Let r be u/(-3)*-11 + -2. Suppose 1 = -2*h + r. What are the prime factors of h?
2
Suppose 5*m + 10 = -3*w - 34, -4*m - 43 = 3*w. Let o = 5 - w. What are the prime factors of o?
2, 3
Let y = 28 + 18. List the prime factors of y.
2, 23
Suppose 13 + 72 = v - 4*p, p - 105 = -v. What are the prime factors of v?
101
Suppose 2*p = -0*p + 28. Let u = p - 5. What are the prime factors of u?
3
Suppose -4*z - z = -135. Suppose -5*g - 2 = -z. List the prime factors of g.
5
Let g(z) = -z + 1. Let x(a) = -4*a - 2. Let q(c) = 3*g(c) - x(c). List the prime factors of q(5).
2, 5
Let r(b) = b**2 + 2*b + 2. Let u be r(-3). Suppose 2*k = u + 5. Suppose -k*f + 70 = 25. List the prime factors of f.
3
Let o(x) = -x**2 - 6*x + 7. Let z be o(-7). Suppose -5*w - 5*t + 30 = z, 3*w - 4*t = t + 34. List the prime factors of w.
2
Let i(w) = w**2 + 5*w + 5. Let b be i(-4). List the prime factors of b/5 + (-19)/(-5).
2
Let h = 2 - -1. Suppose 20 = 3*a + 2. What are the prime factors of (-8)/a*h/(-2)?
2
Let d(q) = -16*q - 31. Let s(m) = -3*m - 6. Let z(h) = 2*d(h) - 11*s(h). Suppose 4*v + 2 = 3*v. List the prime factors of z(v).
2
Let g(f) = -3*f - 14. What are the prime factors of g(-14)?
2, 7
Let r = -3 + 3. Let w be (2 + 15/(-6))*r. Let g = w - -8. What are the prime factors of g?
2
Let i = -12 + -19. Let u = i - -64. What are the prime factors of u?
3, 11
Suppose -u = u. Suppose 2*n + u*n - 28 = 0. What are the prime factors of n?
2, 7
Let z(i) = 12*i - 28. What are the prime factors of z(9)?
2, 5
Let r(f) = 7*f**2 + 17*f - 9. Let n(x) = 4*x**2 + 9*x - 5. Let k(q) = -5*n(q) + 3*r(q). Let t = 10 - 17. What are the prime factors of k(t)?
5
Let z be (21 + -2)/((-2)/6). Let o = z - -81. What are the prime factors of o?
2, 3
Suppose 2*u + 20 = 6*u. Suppose 5*f - i = 3*i + u, 15 = -3*i. List the prime factors of 5 - f/(-3) - 1.
3
Let c(v) = v**3 - 5*v**2 + 5. Let l be c(5). Suppose 0 = l*n - 91 - 14. What are the prime factors of n?
3, 7
Suppose 6*p - 2*p = 64. What are the prime factors of p?
2
Let q(v) = v**2 + 9*v + 8. Let p be q(-8). What are the prime factors of (p - (-52 + 2))/1?
2, 5
Let k = -7 - -7. Let g be -2*(2 - k - 1). List the prime factors of (-3)/(-2) - g/4.
2
Suppose p - 17 = -2*h, -20 = -h - 4*h. What are the prime factors of p/12*28*1?
3, 7
Let z = -63 + 88. Let k be (z - 3) + (-2)/1. List the prime factors of ((-9)/(-5))/(6/k).
2, 3
Suppose -n = 4*z + 41, -3*n + z - 4*z - 123 = 0. Let f = n - -59. List the prime factors of f.
2, 3
Let i be (0/(-2))/(1/1). Suppose i = -2*f, -4*f - 13 + 1 = -4*g. Suppose 0 = g*t - 3 - 9. What are the prime factors of t?
2
Let v = -17 - -23. What are the prime factors of v?
2, 3
Let d(c) = -c**3 - 5*c**2 - 5*c - 3. Let l be d(-3). Let q be (-4)/l*(-63)/(-14). Suppose -7*x + 2*x = b - 62, -27 = -q*x - 4*b. List the prime factors of x.
13
Let n be (-114)/(-21) - 6/14. Suppose 5*f + 5 + 24 = y, 0 = 2*y + n*f - 13. List the prime factors of y.
2, 7
Let u(n) = 1 + 2 - n**3 - 3*n**2 - 2. Let p be u(-1). List the prime factors of (p/2)/(2/(-8)).
2
Suppose 2*v + 2*v - 608 = 0. List the prime factors of v.
2, 19
List the prime factors of (-17)/(-51) + (-215)/(-3).
2, 3
Let t = -2 + 3. What are the prime factors of -7*(-3*t - -2)?
7
Suppose -k + 6*k + 124 = 3*x, 0 = 2*x + 4*k - 46. List the prime factors of x.
3, 11
Suppose o + 4*f + 21 - 7 = 0, 4*f = -5*o - 6. Suppose -42*d + 18 = -39*d. Let g = d - o. What are the prime factors of g?
2
Suppose 0 = -2*n - 3*n + 55. Suppose 86 - n = 5*a. What are the prime factors of a?
3, 5
Let g(p) = 2*p**3 + p**2 - p + 1. Let m be g(1). Let c(d) = -m*d - 2 + 1 + 7*d**2 - 5 - 1 - d**3. List the prime factors of c(6).
11
Let b(m) = -2*m**2 - 4*m - 2. Let z be b(-3). Let p(f) = f**3 + 7*f**2 - 12*f - 10. What are the prime factors of p(z)?
2, 11
Let q(d) = -3*d - 5. Let k be q(-4). Let j = 5 - k. List the prime factors of ((-9)/(-12))/(j/(-24)).
3
Let u = 32 + -50. List the prime factors of (-63)/u + 1/2.
2
Let g be (-2)/10 + (-52)/(-10). Let d(t) = -g - 5*t - 1 + 5 + 0. What are the prime factors of d(-1)?
2
Suppose -2*g + 17 = -17. Let z = g - 28. List the prime factors of (-1 - z) + (-2 - -2).
2, 5
Suppose -j - 4 = -0*j. What are the prime factors of j - -6 - (-6 + 2)?
2, 3
Let i(t) be the third derivative of -t**6/120 - 7*t**5/60 - 3*t**4/8 - t**3/2 - t**2. Suppose a = 5*r + 29, 2*a - 6 = 4*r + 16. List the prime factors of i(r).
3, 5
Let m(g) = -8*g. Let w be (-8)/6 + (-4)/6. List the prime factors of m(w).
2
Let z(j) = -j - 1. Let g be z(-7). Suppose 40 = -2*v + 5*c, 0 = c - 2. What are the prime factors of 82/g - (-10)/v?
13
Let o be (-1 + -3 + 14)*1. List the prime factors of 462/35 + (-2)/o.
13
Let d be -14*(-2 - -1) + -2. Suppose d*m - 115 = 7*m. List the prime factors of m.
23
Suppose -h - 7 = -o + 4*h, 4*h = 2*o - 32. Let n be -3*(-6)/(-9) - o. Let p = -15 - n. What are the prime factors of p?
3
Let f be 1/6 + (-10)/60. Suppose h - 5 = -f*h. List the prime factors of h.
5
Suppose 2 - 4 = j. Suppose -i - 4*i - 20 = 0. List the prime factors of i/j*(-15)/(-10).
3
Suppose 14 = 5*j - 3*y, y + 2*y = 4*j - 10. Suppose j*q = 10 + 10. Suppose -3*h + 0*h = -4*s - 22, -4*s = -q*h + 34. What are the prime factors of h?
2, 3
Let t(v) = v - 1. Let j be t(5). What are the prime factors of 6/((1 - -1)/j)?
2, 3
Let z(x) = x**3 + 7*x**2 - x - 3. Let o be z(-7). Suppose -3*g + 5 = -10. Suppose -4*p + o*y + y = -51, -4*y = -g*p + 57. List the prime factors of p.
3
Let q be 2/(-6) + (-73)/(-3). Suppose b - q = -3*w - 0*b, 4*b = -w + 8. List the prime factors of -18*(w/(-3))/4.
2, 3
Suppose 0 = -4*c, -4*c = 5*b + 24 + 141. Let v = b + 64. What are the prime fa